**4 - 4 - 3*x + 3/2*x**2 + 0*x**3. Calculate t(j).
-5
Suppose -22 = -2*o + 5*y, 0 = 5*o + 3*y - 2*y - 28. Let j(u) = -o + 233*u**2 - 465*u**2 + 8*u + 230*u**2. Calculate j(5).
-16
Suppose -b + 4 = 0, 0 = -4*m + 4*b + 28 + 20. Suppose 14 + m = 15*u. Let l(z) = -4*z - 3. Determine l(u).
-11
Let t(n) = 0*n**3 - n**3 + 1722*n + 2 + n**2 - 1725*n + 2*n**3. What is t(-3)?
-7
Let f(z) = -34*z - 5. Let q(t) = t**2 - 23*t + 60. Let m be q(3). What is f(m)?
-5
Let h(m) = -29*m**2 - 19*m - 13. Let r(z) = 25*z**2 + 16*z + 12. Let s(d) = 7*h(d) + 8*r(d). Give s(-6).
-73
Let n be -2*2/4*-1. Let h(t) = -t**3 + 10*t**2 - 22*t + 50. Let y be h(8). Let z(w) = -5*w - 426*w**y + 431*w**2 + 1 + 3*w. What is z(n)?
4
Let j(z) = 5 + 16*z + 0 - 4 - 5*z. Suppose 6*x = g + 10*x + 31, -2*x - 10 = 6*g. Determine j(g).
12
Let m = 49 - -29. Let t = 78 - m. Let c(b) = 2 - 5 + t + 4*b**2 + 2. Determine c(1).
3
Let q(r) = -3*r - 27. Suppose -1546 = 16*l - 1370. Give q(l).
6
Let r(s) = -15 - 23*s - s**3 + 16 + 6*s**2 + 18*s + 2*s**3. Let x(g) = g + 3. Let c be x(-10). Give r(c).
-13
Suppose 6*s + 5*w = 5*s, 0 = -4*s + 4*w. Let b(g) = -5 - g**2 + 8*g - 3*g + 4*g + s*g. What is b(5)?
15
Let z = -14 + 9. Suppose -2*w + 10 + 8 = 0. Let s(u) = -17 - w*u + 7*u + 10. Determine s(z).
3
Let l(x) = -20*x - 1. Suppose 0 = 3*i + 4*c - 224, -c = -i - 4*c + 78. Let j = i + -71. What is l(j)?
-21
Let b(v) = v**2 + 4*v - 3. Suppose 108 = 4*f - 4*n, -7*f + 3*n = -2*f - 141. Let y be (-12)/f*-5 + -6. Give b(y).
-3
Let g(f) = 5 + 27*f - 4*f - 10*f - 3*f - 17*f - 2*f**2 + 3*f**2. Let a be (-23)/(-5) - (-4)/10. Determine g(a).
-5
Let a(d) = -d**3 + 5*d**2 + 4*d - 2. Let h be ((-420)/45)/(4/42). Let c = 102 + h. What is a(c)?
30
Let s(b) = -b**2 + 3*b - 2. Suppose 9*l - 102 = 42. Let q(u) = u - 19. Let r be q(l). Determine s(r).
-20
Let q(k) be the first derivative of -k**5/60 - k**4/24 + 2*k**3/3 + 67*k**2 - 66. Let m(d) be the second derivative of q(d). Calculate m(0).
4
Let z(a) = -7*a**2 + 4*a + 8. Let u(g) = -1388*g + 4. Let i be u(0). Give z(i).
-88
Let r(g) be the third derivative of -g**4/24 - 11*g**3/6 - 5156*g**2. Give r(-14).
3
Let n(q) = -20*q**2 - 39*q - 67. Let f(d) = 7*d**2 + 13*d + 23. Let y be (-5 - 5/(-10))*20/(-15). Let g(k) = y*n(k) + 17*f(k). Determine g(-12).
1
Let h(m) be the first derivative of m**4/4 + 5*m**3/3 - 3*m**2/2 - m - 1645. Calculate h(-6).
-19
Let r = -31 - -28. Let p be (15 + r)/(-6) + -2. Let j(b) = -2*b - 4. Give j(p).
4
Suppose 5*w + 112 = 61*w. Let d(j) = -j**2 + 11*j - 23. Calculate d(w).
-5
Let b(x) = 2 - 41*x + 0*x**3 - 4*x**2 + x**3 + 42*x. Let l = -34 + -139. Let y = -170 - l. What is b(y)?
-4
Let w(v) = -23*v - 206. Let g(x) = 192*x - 2505. Let m be g(13). Calculate w(m).
1
Let w(h) = -8*h**3 + 43*h**2 - 25*h - 86. Let b(x) = -x**3 + 7*x**2 - 4*x - 13. Let f(i) = -13*b(i) + 2*w(i). Determine f(-4).
101
Let y(z) = -z**2 - 16*z - 4. Let x be (3 + 1 + 5 + -9)*1. Calculate y(x).
-4
Let i(d) be the third derivative of -d**5/60 + d**4/24 + d**3/2 - 3*d**2. Let j = -569 - -572. Determine i(j).
-3
Let g(w) = 3*w**2 + 12*w - 1. Let a(f) = -4*f**2 - 17*f + 2. Suppose 0 = -13*m - 34 - 57. Let k(x) = m*g(x) - 5*a(x). Let o = 3 - 0. Determine k(o).
-9
Let t(i) = -3*i**3 - 2*i - 3. Let d(w) = -2*w**3 + w**2 - 2*w - 4. Let z(f) = -2*d(f) + 3*t(f). Suppose 2*k = -0 - 2. Determine z(k).
4
Suppose -241*t - 2362 = 48. Let z(c) = -c**2 - 31*c - 194. Determine z(t).
16
Let q be (0 - 12)/((-4)/8*3). Let u(r) = -29*r + q + 20*r + 8*r. Give u(0).
8
Let k(i) = -15*i - 36. Let j = -1633 - -1631. Calculate k(j).
-6
Let a(q) = 5 - 7 - 2*q - 7. Suppose -1149 = -520*p - 70*p + 1801. Calculate a(p).
-19
Suppose 156*a - 2 = 155*a. Let r(u) = 3*u + 4*u**3 - u - a - 2*u - u + 6*u**2 - 3*u**3. Calculate r(-6).
4
Let i(r) = 3*r + 19. Let l(a) = 3*a + 14. Let c(h) = -2*i(h) + 3*l(h). Determine c(0).
4
Let w be (2/4)/(2/(-28)). Let k(v) be the first derivative of -v**4/4 - 7*v**3/3 - v**2/2 + 3*v - 22981. Give k(w).
10
Let p(o) = -3*o + 8. Let i(b) = 4*b**2 - 20*b - 6. Let g(r) = 3*r**2 - 20*r - 7. Let t(c) = 5*g(c) - 4*i(c). Let x be t(-17). Let j = -34 + x. What is p(j)?
-10
Let j(c) be the first derivative of 5*c - 3/2*c**2 - 197. Let y = -5 + -1. Give j(y).
23
Let d(g) = 0*g - 8*g - 7*g + 2*g**3 + 6*g + 1165 - 1157. What is d(2)?
6
Let t be 4*(1*(-133)/(-28) + -4). Let i(k) = k**3 + 3*k**2 - 2*k + 2. Let m be i(-3). Let v(b) = 2*b - b + m - 9 + 0*b. Determine v(t).
2
Let x be -1 + 54/(-8) + (13/(-4) - -4). Let w(i) = 2*i**2 + 20*i + 39. Determine w(x).
-3
Let l(r) = -11 - 8*r - 2*r**2 - 20 + 25*r. Let a be l(7). Let t(g) = -g**2 - 10*g + 4. Give t(a).
4
Suppose -4*z = 12, -25 = 4*w - 21*z + 24*z. Let n(t) = -t**2 + 11*t + 62. What is n(w)?
2
Let r(p) = -26*p - 33*p - 2*p**2 + 11 + 54*p - 3*p**2. Let i(a) = 2*a**2 - 1. Let c(b) = 2*i(b) + r(b). Determine c(-7).
-5
Let f(o) = -35*o + 25. Let d be (4/(-16))/(25/(-100)). Calculate f(d).
-10
Let c(n) be the second derivative of 21 + n + 1/4*n**4 + n**2 - 3/20*n**5 - 1/2*n**3. Calculate c(2).
-16
Let x(p) = p**2 - 26*p + 59. Let o be x(24). Suppose o*z - 255 = -35. Suppose -4*j + 0 + z = 0. Let r(m) = m**3 - 5*m**2 - 1. What is r(j)?
-1
Suppose 3*g + 48 = -9*m - 0*g, -4*g = -4*m - 48. Let o(n) = -n**3 - 6*n**2 + 13*n + 35. Determine o(m).
-7
Let f(j) = -j**3 - 6*j**2 + 6*j + 2. Let m be 6/9 + 3 - (-4)/(-6). Suppose m*b = -12, -17*y + 21*y = b - 24. Determine f(y).
9
Let t(x) = x**2 + 9*x + 12. Let w(f) = f**3 + 4*f**2 - 2*f - 5. Let v be w(-4). Suppose a - 9 = -r - v*a, 4*a - 18 = -2*r. Let n = -17 + r. What is t(n)?
4
Let k(f) = 87 + 33*f + 13 - 53*f - 35*f. Let n(l) = -5*l + 9. Let z(b) = -4*k(b) + 45*n(b). Calculate z(6).
-25
Suppose 401*s + 432*s = -9996. Let n(a) = 10*a + 121. Give n(s).
1
Let j = 3167 - 3172. Let f(r) = r**3 + 4*r**2 - 3*r - 4. Determine f(j).
-14
Let q(w) be the first derivative of -8*w**3/3 - w**2 - w - 7485. Let l(u) = -u**2 - 14*u - 14. Let d be l(-13). What is q(d)?
-7
Let l be ((-4)/(-18))/((-2)/(-54)*3). Let z be (-56)/(-24) + l/3. Suppose -3*v - 30 = 4*q, 0 = -v + z*q - 1 + 4. Let k(y) = 2*y + 4. Give k(v).
-8
Suppose 16 + 34 = -2*k. Let q = 22 + k. Let u be 1/(q + (-16)/(-5)). Let b(f) = -f**3 + 6*f**2 - 4*f + 5. Calculate b(u).
10
Let h = 323 - 321. Let k(g) = -h*g + 7 + 16*g - 15*g. What is k(5)?
2
Let g be -1*(-2)/(-4)*25/(400/288). Let h(c) be the second derivative of -c**5/20 - 3*c**4/4 - c**3/6 - 5*c**2 - c. What is h(g)?
-1
Let y = 19477 - 19476. Let x(w) = -198*w + 204. Determine x(y).
6
Let g be -1 - (6 - (2 + -1)). Let n(w) = 401*w + 13. Let o(y) = 164*y + 5. Let z(f) = -9*n(f) + 22*o(f). Determine z(g).
-1
Let s be (4 + -6)/(1/(-2)). Suppose s*i - 29 + 1 = 0. Let v(d) = 6*d**2 - d**2 + 32*d + 3*d**2 - d**3 - 39*d. What is v(i)?
0
Let q(c) = -3*c**2 - 15 + 16 + 6*c - 8*c. Let k(d) = -5*d**2 - 2*d. Let m(i) = 2*k(i) - 3*q(i). Let l = 3 + -1. Give m(l).
-3
Let p be ((-3)/(-9))/((-2)/30). Let n(u) be the first derivative of -u**4/4 - 4*u**3/3 + 3*u**2/2 + 3*u - 105. Calculate n(p).
13
Let u(s) = -641*s + 4 - 4 + 639*s. What is u(0)?
0
Suppose -188*f + 186*f = c + 6, 5*c + 25 = -5*f. Let k(j) be the second derivative of -j**4/12 - 2*j**3/3 - j**2/2 + 6*j. Calculate k(c).
-1
Let f = -226 - -228. Let c(k) = 11*k**3 - 10*k**3 + 4*k**2 - 5*k**f - 4*k + 3 - 3*k**2. Give c(4).
-13
Let c(n) be the second derivative of 0*n**2 + 1/360*n**6 - 3/40*n**5 + 0 + 1/3*n**3 + 1/3*n**4 + 14*n. Let g(t) be the second derivative of c(t). Give g(8).
0
Suppose 11*q - 12*q - 28 = -5*i, 3*q = 2*i - 19. Suppose -i*t - 15 = 5*v, 2*v - 1 = -5*t - 4. Let u(h) = -1 + 1 - h. Determine u(t).
-1
Let n(h) = 613 - 4*h**2 - 607 - 1458*h + 1453*h. Give n(1).
-3
Suppose -107*z - 7825 = -6862. Let k(h) = -2*h**2 - 4*h - 5. Determine k(z).
-131
Let b = -257 - -261. Let n(v) be the third derivative of -v**5/60 + v**4/12 + 4*v**3/3 - v**2. Let d be n(b). Let u(q) = -q**3 + q**2 + 8. Give u(d).
8
Let k = -397 + 592. Suppose -10 = k*w - 196*w. Let z(p) = 4*p - 8. Let i(s) = 7*s - 16. Let y(n) = -3*i(n) + 5*z(n). Give y(w).
-2
Let w(x) = 3*x**2 - 5*x + 49. Suppose -4*b = -3*g - 220 + 224, 5*b = g - 5. Give w(g).
49
Let j(c) = -3*c + 41. Suppose 0 = -4*l + 46*o - 44*o - 6, -3*l + 3*o - 9 = 0. Determine j(l).
41
Let g(k) = -4*k - 9*k**2 + 668 - 